*o, 3*k = -4*o + 4893. List the prime factors of k.
3, 5, 109
What are the prime factors of 238/12*58 + (-2)/6?
2, 5, 23
Let l(r) = 4*r**2 + 7*r + 20. Let m be l(-8). Suppose -2*q + 0*q + m = 0. List the prime factors of q.
2, 5, 11
Suppose -11 = 4*f - 55. Let h(p) = p**2 - 3*p. List the prime factors of h(f).
2, 11
Suppose -g = -10*g + 18. Suppose 0*m = -5*m + g*n + 285, n - 57 = -m. List the prime factors of m.
3, 19
Let l(d) = 126*d**3 + 16*d**2 - 39*d - 5. List the prime factors of l(3).
2, 107
What are the prime factors of (-3326 + (-6 - -8))*2/(-4)?
2, 3, 277
Suppose 11*g + 89 = 936. List the prime factors of g.
7, 11
Let m be 5/(-5)*29*-1. Let f = m + 4. List the prime factors of f.
3, 11
Let h = -145 + 65. Let c = h + 131. What are the prime factors of c?
3, 17
Let k(u) = 2*u**2 - 27*u + 117. List the prime factors of k(27).
2, 3, 47
Let f = 256 - 8. What are the prime factors of f?
2, 31
Let z(d) = 2*d**2 - 15*d. What are the prime factors of z(13)?
11, 13
Suppose 0 = -2*t + 8 - 4. Suppose -2*n = -t*r - 128, -4*n + n - 2*r = -167. List the prime factors of n.
59
Suppose -z + 8 = 3*x, -x - 4*z = -0*x + 1. Suppose x*f + 36 = 5*u, f + 26 = -u + 5*u. List the prime factors of 6 + -6 + 2 + u.
2
Suppose -6*w + w = -4*w. Suppose 4*z - 306 - 734 = w. What are the prime factors of z?
2, 5, 13
Suppose 0 = -5*u + 2 + 13. Suppose -u*z + 57 = 4*g, 4*z = -3*g + 3*z + 39. What are the prime factors of g?
2, 3
Let v(c) = c**2 + 17*c - 55. List the prime factors of v(22).
11, 73
Let g(a) = -a**2 - 6*a - 3. Let l be g(-4). Suppose -l*r + 45 = 5*k, k + 5*r = 6 + 15. List the prime factors of k.
2, 3
Let p(u) = -u**2 - 2*u + 73. Let t = 109 + -109. List the prime factors of p(t).
73
Let y(a) = -a**2 + 15. Let x be y(3). Let s = 49 - x. List the prime factors of s.
43
Suppose -5*x - 10 = 0, v + 200 = 4*x + 808. List the prime factors of v.
2, 3, 5
Let s = -238 + 391. Suppose 5*a + x = 4*x + s, 3*x = -3. What are the prime factors of a?
2, 3, 5
Let j(g) = 48*g + 35 + 3 - 15 + 27. List the prime factors of j(5).
2, 5, 29
Let b be (-513)/(-36) - ((-6)/8 + 1). Suppose a + 3068 = b*a. What are the prime factors of a?
2, 59
Let j = -855 + 887. Suppose -5*z + 6 = -2*z. Suppose -z*x + 4*x - j = 0. List the prime factors of x.
2
Let p(r) = 7*r**2 + 8*r + 3. Let j(k) = k - 11. Let o be j(5). List the prime factors of p(o).
3, 23
Let b(n) = -n**3 - 4*n**2 + 4*n + 5. Let l be b(-5). Let z = l - 7. What are the prime factors of 8/12 - (-25)/z?
3
Suppose 21 = s - 3. Suppose s*a = 23*a + 104. What are the prime factors of a?
2, 13
Suppose 11*p = -8*p - 2280. Let c = p - -286. List the prime factors of c.
2, 83
Let k(b) = -b**3 + 6*b**2 + 4*b + 3. Let z = 7 - 2. List the prime factors of k(z).
2, 3
Let i = 2739 - 1213. List the prime factors of i.
2, 7, 109
Let d = 5 - 5. Suppose -3*m = -3*w + 57, -2*w - w - 5*m + 49 = d. Let j = w - 8. What are the prime factors of j?
2, 5
Suppose 0 = -9*j + 33 + 9633. What are the prime factors of j?
2, 3, 179
Suppose -5*g = 103 - 273. Let q = 98 - g. List the prime factors of q.
2
Suppose -5977 = -15*f + 1058. What are the prime factors of f?
7, 67
Let t(k) = 2*k**2 - 53*k + 46. List the prime factors of t(28).
2, 5, 13
Let c = -9 - -13. Let z be (-5)/(((-70)/c)/7). Suppose -w + z*w - 8 = 0. List the prime factors of w.
2
Let x be 4/(-18) - 58/(-18). Let q = 0 - 0. Suppose q = -x*h + 145 - 1. What are the prime factors of h?
2, 3
Let c(j) = j**2 - 12*j - 28. List the prime factors of c(-9).
7, 23
Let n(m) = 19*m - 12. Let c = -54 - -64. List the prime factors of n(c).
2, 89
Let l = -425 - -934. List the prime factors of l.
509
List the prime factors of 1*178*(-126)/(-36).
7, 89
Suppose 0 = -j + 6*j - 10. Let c(s) = s**2 - 3*s - 14. Let k be c(6). Suppose -k*l + 56 = -j*l + 2*z, 2*z + 2 = 0. List the prime factors of l.
29
Let s be (142/(-3))/((-12)/18). Suppose -4*n = -d - s, -2*d - 74 = -4*n - 0*d. Let h = 20 - n. List the prime factors of h.
3
Let f(g) = -138*g**3 + 5*g**2 + 4*g + 7. Let d be f(-3). What are the prime factors of d/21 + (-4)/3?
2, 89
Suppose 4*d + 0 + 3 = i, -5*i + 15 = -3*d. Let t be 2/(-6) + 4885/3. What are the prime factors of 2/i + t/33?
2, 5
Suppose 3*o - 5*q = -44, -2*o = -3*q + 40 - 12. What are the prime factors of (-150)/(6/o - (-13 - -13))?
2, 5
Suppose 0*v = v + 4*i - 385, -1507 = -4*v - 5*i. List the prime factors of v.
373
What are the prime factors of 14265/6*(2 + 12/(-9))?
5, 317
Suppose 3*z + 23 = 4*w, -5*w + 12 + 18 = -4*z. Let c(d) = -1 - 5*d**w + 19*d - 1 + 4*d**2. What are the prime factors of c(18)?
2
Let r(t) = t**2 - 6*t - 3. Let f be r(7). Let z = f - 4. Suppose -2*i + 3*i - 6 = z. What are the prime factors of i?
2, 3
Let l(x) = -2*x**2 + x - 2. Let p be l(2). Let m(f) = -f**2 - 15*f + 49. Let g be m(-17). Let d = p + g. What are the prime factors of d?
7
Let x(s) = -181*s + 2. List the prime factors of x(-1).
3, 61
Suppose -5*q + v = -686, 0 = -3*q + 2*v - 105 + 518. Suppose 2*n - q + 11 = 0. List the prime factors of n.
3, 7
Suppose -8*t - 63*t + 122759 = 0. What are the prime factors of t?
7, 13, 19
Suppose 7*d - 8*d + 11 = 0. Suppose d + 1 = 4*g. Suppose f = -5*j - g*f + 122, 0 = 4*j + 3*f - 97. List the prime factors of j.
2, 11
Let l(x) = 4*x + 11. Let p be l(-4). Let z be p/(-3) + (-13)/(-39). Suppose z*n = 2, -4 = -5*s - 2*n + 398. What are the prime factors of s?
2, 5
Let v be (-3)/(-2)*(-6 + -12). Let p be v/63 + 218/(-14). Let n = 45 + p. List the prime factors of n.
29
Suppose 2 = n + 1. Let l(d) = 2*d**2 + 11*d + 4. Let x be l(-6). Suppose x = 3*u + n. What are the prime factors of u?
3
Let v = 2915 - -171. List the prime factors of v.
2, 1543
List the prime factors of ((-909)/(-15) - 3)/(8/100).
2, 3, 5
Let a = 4202 + -1999. List the prime factors of a.
2203
What are the prime factors of (-3*(-99)/54)/(3/570)?
5, 11, 19
Let a(i) = 112*i - 27. Let b be a(4). Suppose 3397 - b = 12*j. List the prime factors of j.
2, 31
Suppose 0 = 5*z - 26 + 1, -3*r + 2422 = 5*z. What are the prime factors of r?
17, 47
Let m(s) = 4*s + 20. Let y be m(13). Suppose y = q - 2. List the prime factors of q.
2, 37
List the prime factors of (-4)/26 + 374108/806.
2, 29
Let i(a) be the second derivative of a**5/5 - 5*a**4/12 + 5*a**3/6 - 5*a**2/2 - 9*a. What are the prime factors of i(3)?
73
Let m(f) = f**2 + 12*f + 643. List the prime factors of m(0).
643
Suppose -137*h - 2084 = -138*h. List the prime factors of h.
2, 521
Suppose 0 = 4*a - d - 1, -5*a = -5*d + 2*d - 3. Suppose a = -3*v - 2*x + 205, -2*v + x = -3*x - 142. List the prime factors of v.
3, 23
Let r = -3 - -6. Let m be r/(-2)*18/(-3). Suppose 11*g - m*g = 18. List the prime factors of g.
3
Suppose -5*g + r = -4*g - 4546, 2*r + 13640 = 3*g. What are the prime factors of g?
2, 3, 379
Let m(j) = -j**2 - 10*j - 1. Let q(y) = -2*y**2 + 2*y + 2. Let r be q(-2). Let a be m(r). Let w(o) = 6*o**2 + o + 2. What are the prime factors of w(a)?
7
What are the prime factors of (-2)/(-1)*(-4690)/(-20)?
7, 67
Let n(a) = -30 - 24 + 30*a - 46*a. What are the prime factors of n(-13)?
2, 7, 11
Suppose -1019 - 247 = 5*f + 2*p, 4*f + 5*p = -1023. Let q = -61 - f. List the prime factors of q.
191
Let q(z) = z**2 - z - 2. Suppose -19 + 7 = -4*j. Let o be q(j). Suppose d = 4, -b - o*d + 54 + 0 = 0. List the prime factors of b.
2, 19
Let w(d) = 3*d + 40. Let s = -32 + 32. What are the prime factors of w(s)?
2, 5
Let k(y) = y**2 + 9*y + 1. Let s be k(-9). Let g = s - -3. List the prime factors of 46/g + (-1)/(-2).
2, 3
Let k = 275 + -132. Suppose -3*l + 43 + k = 0. List the prime factors of l.
2, 31
Suppose -2*t = -6*t - x - 59, -3*x + 63 = -3*t. Let r = -12 - t. Suppose -s = r*s + 2*z - 98, 4*s - 3*z = 60. List the prime factors of s.
2, 3
Suppose 12202 = 47*o - 300. List the prime factors of o.
2, 7, 19
Suppose 701 = -7*o + 8*o. What are the prime factors of o?
701
Let x = -1874 + 3118. What are the prime factors of x?
2, 311
Let x(j) = 2*j**2 - j. Let q(z) = z**2 - 3*z - 5. Let m be q(4). Let y be x(m). Suppose l - 46 = -y*w, 0 = 4*l + l - w - 166. What are the prime factors of l?
2, 17
Suppose 0 = -2*p + 3*r + 5, -2*p + 4*p - r = 11. Suppose 3*j = 6, 3*j = -3*o + p*j + 58. Let w = o + -1. List the prime factors of w.
3, 7
Suppose -2*h = -3*h - 6. Let l be 42/10